7 - 133 = 0. Calculate the remainder when c is divided by 2/(-4) - 231/(-22).
6
Suppose -4*q - 2 = -18. Suppose -22 = 4*j + 3*n + 2*n, 5*n + q = 2*j. What is the remainder when (j/9)/(1/(-57)) is divided by 5?
4
Let a = -41 - -61. Calculate the remainder when (54/7)/(a/140) is divided by 11.
10
Suppose 240 = 2*i + 3*i + 5*o, 5*o = 3*i - 176. Calculate the remainder when 95 is divided by i.
43
Let z = -49 - -56. Let g be 3*2 + -2 + -2. Suppose z = c + g. What is the remainder when c is divided by 3?
2
Suppose -1496 = -13*k + 584. Calculate the remainder when k is divided by 73.
14
Suppose -11*v + 3 = -10*v. Suppose 3*c - v = 9. Suppose p + c = 42. What is the remainder when p is divided by 13?
12
Let n be (1 - 2)*1 + 1. Suppose 3*h - 3*o - 27 = -n*o, -o = 5*h - 21. Suppose -h*c = -49 - 6. What is the remainder when 31 is divided by c?
9
Let z(s) = -s**3 - 7*s**2 - 3*s + 10. Let l be z(-8). Let v = 156 - l. Let m = -35 + v. Calculate the remainder when m is divided by 13.
10
Suppose a = -7*h + 4*h + 132, h - 28 = 5*a. What is the remainder when 126 is divided by h?
40
Let g = -332 - -338. Calculate the remainder when 14 is divided by g.
2
Suppose k + 190 = 5*o, 4*o + k - 28 = 133. What is the remainder when 194 is divided by o?
38
Let l(x) = -x**3 - 4*x**2 + 5*x + 5. Let s(q) = -4*q**3 - q**2 + q - 1. Let f be s(1). What is the remainder when 6*3/30 + 336/40 is divided by l(f)?
4
Suppose -5*t + 50 = -3*t. Calculate the remainder when (-2)/14 - (12 + (-97)/(-14)*-12) is divided by t.
21
What is the remainder when 71 is divided by ((-3525)/10)/(-15) - 12/(-8)?
21
Suppose 138 = 7*m - 779. Let i = m - 36. Calculate the remainder when i is divided by 35.
25
Calculate the remainder when 40 is divided by (148 - 1)/7 + 1.
18
Calculate the remainder when 53*((-6)/4)/(15/(-20)) is divided by 54.
52
Suppose -26*k = -34*k + 304. Calculate the remainder when k is divided by 11.
5
Let s = 54 + -27. Suppose -35*j = -7*j - 1428. Calculate the remainder when j is divided by s.
24
Let l be 474/(-15) - 6/15. Let i = l + 50. Suppose -5*d = -0*d - 5, -n + 5 = -5*d. What is the remainder when i is divided by n?
8
Suppose 4*t - 151 = 5*a, -3*t = -2*a + 3*a - 99. Calculate the remainder when t is divided by 9.
7
Suppose -2*o - 140 = -3*r - 404, 2*r = o - 131. What is the remainder when o is divided by 68?
67
Suppose -2*h + f + 38 = -3*f, -5*f = 2*h - 83. What is the remainder when 172 is divided by h?
27
Suppose 4*t + 0 = 12. Let u = -225 - -228. Calculate the remainder when t is divided by u.
0
Suppose 0*o = -5*o - 50. Let w be 104/o + (-4)/(-10). Let i = 18 + w. Calculate the remainder when i is divided by 5.
3
Suppose 26*i - 27*i + 32 = 0. Suppose 10*b = -7*b + 2159. What is the remainder when b is divided by i?
31
Let k(y) = 8*y**2 + 10*y - 46. Calculate the remainder when 72 is divided by k(3).
16
Let n(z) = -2*z. Let i be n(-4). Suppose 12*f + 12 = 15*f. Calculate the remainder when f is divided by ((-28)/i + 3)*-2.
0
Suppose 3*l = l + 44. Let m(s) = -4*s - 29. Let w be m(-8). Let x = 5 + w. What is the remainder when l is divided by x?
6
Let a be (-410)/25*(-10)/4. Suppose a = 3*p - 10. Calculate the remainder when 98 is divided by p.
13
Suppose -3*n + 205 = -5*g, -4*n + 276 = 6*g - 10*g. What is the remainder when 1257 is divided by n?
67
Suppose 0 = -26*d + 29*d - 78. Suppose 3*w = -10*w + d. What is the remainder when 7 is divided by w?
1
Let n = -260 + 270. Calculate the remainder when 167 is divided by n.
7
Let t(d) = d**2 - 7*d + 7. Let u be t(5). Let f = 31 + u. Suppose 36*r - 33*r = 45. What is the remainder when f is divided by r?
13
Suppose 3*i + 3*a = 69, 59 = -5*i + 5*a + 164. Calculate the remainder when 211 is divided by i.
13
Suppose 8 - 4 = 2*n. Suppose 53 = 2*y - 3*p, -3*p - 87 = -5*y + n*y. Suppose 0 = -3*r + r + 18. Calculate the remainder when y is divided by r.
7
Let l = -16 + 19. Let v(t) = 10*t + 9*t - l - t**3 + 2*t**2 - 22*t. Calculate the remainder when 72 is divided by v(-2).
15
Let d(c) = c**2 - 1. Let b(h) = h**3 + 8*h**2 + 7*h + 3. Let f(q) = b(q) + 2*d(q). Let z be f(-4). Calculate the remainder when 5/(15/z) + -2 is divided by 6.
3
Suppose -2*j + j + 46 = -3*q, -4*j + 154 = -2*q. Let a = j + -20. Calculate the remainder when a is divided by 5.
2
Let h(a) = 6*a + 4. Suppose -5*n + 235 = 5*p - 90, -4*p - 60 = -n. What is the remainder when n is divided by h(3)?
20
Calculate the remainder when 3120/168 - (18/21)/(-2) is divided by 14.
5
Let c(k) = -3*k + 20. Let g be c(6). Let l(v) = 3*v**3 - 3*v**2 + 4*v - 5. Calculate the remainder when l(g) is divided by 9.
6
Let j(o) = o**2 - 6*o - 7. Let l be j(6). Let d = l + 11. Suppose 4 - 80 = -d*m. Calculate the remainder when m is divided by 11.
8
Let b(c) = -7*c + 13. Let l = 37 + -13. Suppose 62 = 2*v + l. What is the remainder when b(-6) is divided by v?
17
Suppose -4*y = -3*p - 646, -y = 3*y - 5*p - 650. Let l = y + -146. What is the remainder when 28 is divided by l?
0
Let b(r) = 4*r**2 + 1. Calculate the remainder when 108 is divided by b(3).
34
Suppose 5*t - 60 = 2*t. Suppose 0 = -5*k + 386 + 204. Calculate the remainder when k is divided by t.
18
Suppose -4*t + 56 + 8 = 0. Suppose -d = -z - 24, 1 = -2*d - 3. Let y = 19 - z. What is the remainder when y is divided by t?
13
Suppose 3 - 19 = -4*a, 4*a - 212 = -4*x. Calculate the remainder when 107 is divided by x.
9
Let c = -1 - -17. Suppose u + 3*j = -6 - 0, 0 = -5*u + 2*j + 38. Calculate the remainder when c is divided by u.
4
Let d = -27 - 16. Let o = 20 - d. Let q(f) = -3*f - 8. What is the remainder when o is divided by q(-7)?
11
Let b(r) = -9*r - 4. Let i be -4 - 1/(0 + 1). Let c(f) = 11*f - 143. Calculate the remainder when b(i) is divided by c(15).
19
What is the remainder when 137 is divided by 6/(-4) - 4158/(-84)?
41
Let l be (-114)/(-4)*240/(-9). Let c be l/(-6) - 18/(-54). Suppose -4*t - 3 + c = 0. Calculate the remainder when t is divided by 16.
15
Let w = -10 + 19. Let m(k) = 5*k - 5. Let c(b) = b - 1. Let j(q) = -12*c(q) + 3*m(q). What is the remainder when w is divided by j(3)?
3
Let t be -3 - -2 - (-32)/(-4). What is the remainder when ((-12)/t)/(-3*(-1)/81) is divided by (-38)/(-4)*(-6)/(-3)?
17
Let m be -3 + 1/(0 + 4/16). Suppose -m = 4*o - 53. What is the remainder when o is divided by 8?
5
Suppose -4*z = -0*z + 3*q - 547, 275 = 2*z + q. Calculate the remainder when z is divided by 28.
27
Let h(m) = -m. Let p(i) = -4. Let o(y) = -3*h(y) - p(y). Calculate the remainder when (-52 - -5)*(-1)/1 is divided by o(4).
15
Suppose -a + 80 = 4*a - 5*r, 4*a - 66 = 5*r. Let z(y) = y**2 + y + 9. Let m be z(0). Let n = 49 - m. Calculate the remainder when n is divided by a.
12
Suppose 102 = 2*r - 14*x + 8*x, -5*r + 219 = 3*x. What is the remainder when r is divided by 16?
13
Let n = 382 - 380. Suppose -3*j - 3 = -4*j. What is the remainder when j is divided by n?
1
Let j(v) = -v**3 + 2*v**2 + 35*v + 97. What is the remainder when 57 is divided by j(-3)?
20
Let q = 2717 - 2692. What is the remainder when 388 is divided by q?
13
Let w = 45 + -33. Suppose -4*z = w, 5*l - 7 = -5*z + 3. Suppose l*u - 19 = 1. What is the remainder when 21 is divided by u?
1
Suppose 0*h + 9 = h - 3*x, 8 = h - 4*x. What is the remainder when ((-81)/(-27))/((-99)/34 - -3) is divided by h?
10
Let z = 15 + -18. Let d(i) = -5*i - 2. Let y(p) = 4*p + 2. Let q(n) = 3*d(n) + 2*y(n). What is the remainder when 36 is divided by q(z)?
17
Let p = -13 - -21. Suppose 0 = -5*j - 3*v + 18, j + 2*j + 3*v - 12 = 0. What is the remainder when p is divided by j?
2
Suppose 3*u = 9 + 12. Suppose u*a - 9*a = -26. What is the remainder when a is divided by 10?
3
Suppose 6*d = 5*d + 3. Suppose -4*n - 105 = -d*s + 14, -4*s = 4*n - 112. Calculate the remainder when 98 is divided by s.
32
Let r(t) = 8*t**3 + 2*t**2 - 3*t + 4. Let b be r(2). Let c = 87 - b. What is the remainder when 31 is divided by c?
14
Suppose -2*d - 3*o = 31 - 83, 3*d - 78 = o. Suppose -d*r = -30*r + 496. Calculate the remainder when r is divided by 14.
12
Let a(z) = -73*z**3 - 10*z - 11. Calculate the remainder when a(-1) is divided by 29.
14
Let w be 21/(-7) + 0/(-2). Let g = 2 - w. Suppose g*l = -s + 137, 0*s = 4*l - s - 115. Calculate the remainder when l is divided by 10.
8
Suppose -3*r + v = -214, 0